.
32
Let o(u) = u**3 + 22*u**2 - 4*u - 90 + 3*u + 75. What is o(-22)?
7
Suppose y + 9 = 4*y. Let h(f) = -2 - 4*f - y*f + 5*f + f. Give h(-8).
6
Suppose r - 4 = 0, -2*r = -2*t + 2*r - 2. Let w(g) be the first derivative of g**3/3 - 7*g**2/2 + 3*g + 8. Give w(t).
3
Let k(o) = -o - 2. Let s be (-159)/(-33) - (-6)/33. Give k(s).
-7
Suppose 8*d = -0*d - 16. Let u(c) = -2*c**2 - 3*c - 1. Give u(d).
-3
Suppose 14*m + 20 = 4*w + 12*m, 0 = -3*w + 3*m + 15. Let a(b) be the second derivative of -b + 0 - 5/2*b**2 + 1/6*b**3. Determine a(w).
0
Let a(c) be the first derivative of 3*c**2/2 + 2. Suppose 29*x - 5*p - 23 = 26*x, 21 = 5*x - 4*p. What is a(x)?
3
Let h = -24 - -9. Let v be 2/h + (-372)/(-90). Suppose -2*m + 22 = -v*s, -4*m + 3*s = 2*s - 9. Let c(n) = -4*n. What is c(m)?
-4
Let o(z) = 44*z - 9. Let k(n) = -21*n + 4. Let v(j) = -7*k(j) - 3*o(j). Give v(-2).
-31
Let u = 301 - 295. Let l(v) = -v**2 + v - 8. Give l(u).
-38
Let s(p) = -p**2 - 5*p + 42. Let l be s(5). Let g(u) = -u - 14. What is g(l)?
-6
Let w(o) = -3*o + 17. Let r be (147/(-6))/7*-2. Let v be w(r). Let z(c) = c - 1. Calculate z(v).
-5
Suppose -315*y = -313*y - 6. Let a(o) = o**3 - 3*o**2 - 2*o + 3. Determine a(y).
-3
Let n(h) = 2*h - 1. Let u(a) = -3*a - 11. Let z(o) = 5*o**3 - 2*o**2 - o. Let y be z(-1). Let m be u(y). Determine n(m).
13
Let l(n) = -2*n - 7. Let b be l(-7). Let i(j) = -16*j**2 + 30*j - 13. Let z(w) = -9*w**2 + 16*w - 6. Let x(a) = -4*i(a) + 7*z(a). Give x(b).
3
Let h(g) be the second derivative of g**4/24 + 5*g**3/2 - 26*g**2 - 2*g + 23. Let v(f) be the first derivative of h(f). Give v(-7).
8
Let u(w) = w**3 + 3*w**2 - w - 1. Let x be u(-3). Suppose 4*a - x = 6. Let f(q) = 2*q**2 + 3*q**2 + 1 - q - q**2 + 1. Determine f(a).
16
Let z(w) be the first derivative of -w**3 + 15*w**2/2 - 5*w - 41. Let h be z(4). Let n(f) = f + 3. Determine n(h).
10
Let h(r) = -5*r - 5*r - r - 4*r. Let m(q) = -285*q. Let d(n) = 75*h(n) - 4*m(n). Calculate d(1).
15
Let n(k) be the first derivative of k**4/4 + 3*k**3 + 5*k**2 + 9*k + 9. Determine n(-7).
37
Let p(z) = -4*z - 1. Let x(c) = -c**2 - 8*c + 8. Let q be x(-7). Let i = 20 - q. Let l be 12/i + (-6)/15. What is p(l)?
-9
Let w = -254 - -260. Let h(n) = 6*n + 4. What is h(w)?
40
Let g(q) = q**3 - 7*q**2 + 4*q - 4. Let w be ((-10)/(-25)*15)/1. What is g(w)?
-16
Let j(c) = -c**3 + c**2 - 1. Suppose 9*y = -8*y. What is j(y)?
-1
Let r(d) = -d**2 - 15*d - 9. Let l be (-85)/8 - 69/184. Determine r(l).
35
Let z be (2 + -3)*12/(-2). Let n(j) = j**3 - 5*j**2 - 5*j - 8. Give n(z).
-2
Let z(b) be the third derivative of b**6/90 - b**5/60 + b**4/24 - 16*b**3/3 + 15*b**2. Let g(k) be the first derivative of z(k). Calculate g(1).
3
Let g(x) = -x**3 + 5*x**2 - 3*x - 7. Suppose -4*i + 2*y + 18 = -8, -2*i + 5*y = -33. Determine g(i).
-3
Let s(p) = 21 + 11*p**2 - p - 42 - 38*p**2 + 22. What is s(1)?
-27
Let z(l) = 2*l + 0*l + 7 - 3*l. Let h = 13 + -8. Suppose -p - h*x = -20, 5*x + 10 - 30 = 0. Calculate z(p).
7
Let h(l) = -l**2 + 1. Suppose -2*q = q + 387. Let d be q/(-45) - 4/(-30). Let n be 4/(-6)*9/d. Calculate h(n).
-3
Let s(t) = 5*t. Suppose -8*h - 47 = -7. Let k = 4 - -3. Let a = k + h. What is s(a)?
10
Let a(n) be the first derivative of 20 - 1/4*n**4 + 0*n**2 + 1/3*n**3 + 12*n. Calculate a(0).
12
Let w be 14/3*(-18)/(-7). Let f(j) = -1 + w*j - 10*j + 1. Let a(b) = -2*b - 17. Let o be a(-7). Determine f(o).
-6
Let p(t) be the second derivative of t**6/120 - t**5/30 - t**4/24 - t**3/6 + 15*t**2/2 + 5*t. Let f(a) be the first derivative of p(a). What is f(2)?
-3
Let h(q) = q + 2 + 2*q - 3. Let y(z) = -z**2 + 11*z - 11. Let i be y(8). Let a = i + -10. What is h(a)?
8
Let w be (-8)/60 + (-116)/30. Let s(d) be the first derivative of d**4/4 + 4*d**3/3 - 2*d**2 - 5*d - 22. Calculate s(w).
11
Let i(w) = 4*w + 4. Let d(y) = -7. Let f(u) = 1. Let n(s) = -d(s) - 6*f(s). Let q(m) = i(m) - n(m). Let a = 1756 + -1758. What is q(a)?
-5
Let y(w) = -w + 6. Let i be (2 - 1)*(4 + -2 + 1). Suppose -11 - 4 = i*m. Calculate y(m).
11
Let k be (-1)/(-3) + (-33)/(-9). Let n(x) = x**3 + 2 - 2*x**2 + 1 + 0*x**2 - k*x. Give n(3).
0
Let z be (1 - -1)/(19 - 21). Let a(t) = -t - 2*t + 4*t + 1. Let c(v) = -6*v**2 + 4*v + 4. Let m(u) = -5*a(u) + c(u). Give m(z).
-6
Let s(y) be the second derivative of y**4/12 - y**3/6 + y**2/2 + 18*y - 10. Calculate s(4).
13
Let a(r) = r**3 + 4*r**2 + 3*r + 6. Let y = -534 + 530. Give a(y).
-6
Let g = 1617 + -1615. Let q(w) = 2*w - 1. Give q(g).
3
Let n(c) be the third derivative of c**9/60480 + c**8/4032 - c**5/5 - 3*c**2. Let y(p) be the third derivative of n(p). Calculate y(-5).
0
Let f be 0 + -89 + (1 + 1 - 1). Let l = -83 - f. Let a(p) = 3*p + 6. Calculate a(l).
21
Let t(i) = i**3 - 4*i**2 - 3*i - 4. Suppose -5*f - 2 = 3*q - 18, 3*f + 4*q = 3. Suppose -5*g - f = -6*g. Determine t(g).
6
Let p(v) be the third derivative of -v**8/840 - v**7/1260 + v**5/120 - v**4/6 - 2*v**2 + 2. Let t(j) be the second derivative of p(j). Give t(-1).
7
Suppose 0 = 6*g - g - 10. Let j(s) = 6*s**2 + 2 - 6*s**2 - 2*s**g. What is j(-2)?
-6
Let k(c) be the second derivative of 1/720*c**6 + 0 + 0*c**3 + 0*c**2 - 1/6*c**4 - 2*c - 1/15*c**5. Let j(q) be the third derivative of k(q). Calculate j(4).
-4
Let f = 102 - 101. Let v(m) = -23*m**3 + 1. What is v(f)?
-22
Let l(p) = -p**2 - 5*p + 6. Let b be (1/((-3)/(-15)))/1. Suppose 4*g - b*g = 5. Let q be l(g). Let h(m) = m**2 - 4*m - 6. Give h(q).
6
Let f(c) = 2*c + 5. Suppose -4*j = 20, 2*w + 4*j = -w - 185. Let h = 50 + w. Determine f(h).
-5
Let x(k) = k**3 - 12*k**2 - 29*k + 20. Let n be 8*(0 + 7/4). Let w be x(n). Let y(a) be the first derivative of -a**2/2 - a + 1. Determine y(w).
-7
Suppose -7 = -n - 3*o, 5*n + 0*o - o + 13 = 0. Let g(w) = 43*w + 9. Let m(v) = -14*v - 3. Let p(r) = n*g(r) - 7*m(r). What is p(-2)?
-21
Let a = -1 + 0. Let n(y) be the second derivative of 7*y**6/60 + y**5/30 - y**3/6 - 20*y**2 + 29*y. Let p(u) be the first derivative of n(u). Calculate p(a).
-13
Let t(a) = 20*a + 74. Let j be t(-4). Let w = -53 - -8. Let b be (j/(-15))/((-3)/w). Let n(o) = o**3 - 5*o**2 - 3*o - 6. Calculate n(b).
12
Let c be (18 + -17)*(-9)/1. Let x(f) = f - 8. Determine x(c).
-17
Suppose -3*s + 17 = -s + 3*y, 4*s + y - 19 = 0. Let u(r) = -s + 4*r + 0*r - 2*r + r**2. What is u(-3)?
-1
Let u(a) be the second derivative of -a**5/20 + a**4/12 - a**3/3 + 3*a**2/2 + 335*a. Calculate u(2).
-5
Let p(t) be the first derivative of t**2 + 11*t + 42. Give p(-4).
3
Let n(h) be the third derivative of h**6/120 - 7*h**5/30 - h**4/12 + 16*h**3/3 + 304*h**2. What is n(14)?
4
Let b = 657 + -657. Let v(k) be the third derivative of b*k + 0 - 3/8*k**4 + 3/2*k**3 - 7*k**2 + 1/60*k**5. Give v(6).
-9
Suppose -j + 0*b - 4*b = 14, 4*b + 16 = 0. Let h(z) = z - z**2 + j*z**2 + 4*z. Suppose 3*q - 91 + 103 = 0. Determine h(q).
-4
Suppose 0 = x - 81 + 62. Let j(m) = -28*m - 14*m + x*m. Determine j(-1).
23
Let w(f) = f - 1. Let g(d) = -3*d + 4. Let k(i) = 2*i**2 - 25*i - 14. Let s be k(13). Let y(q) = s*g(q) - 4*w(q). Determine y(-8).
8
Suppose 0 = -d + 4*i - i + 10, -3*d + 2 = 5*i. Let j = -4 + d. Let t(u) = -14*u**3 + 5*u**3 + 8*u**3 - u + 8 + u**2 + 0*u. What is t(j)?
8
Let z(o) = 5*o + 6. Let k(f) = 44*f + 127. Let t be k(-3). Determine z(t).
-19
Suppose 3*d - 5*q = -12, -8*d + 3*q = -12*d + 13. Let t(o) = -o - 1. Let g(f) = f**2 - 5*f - 5. Suppose 3*u = -u + 20. Let j(m) = u*t(m) - g(m). Give j(d).
-1
Let n be (0/(-1) + -2)/(8/32). Let x = n + 2. Let p(b) = -b**3 - 6*b**2 - 6. What is p(x)?
-6
Let n(m) = -2*m + 3. Let a be n(3). Let g(z) = -2*z + 11. Let v(s) = 5*s - 34. Let r(b) = a*v(b) - 8*g(b). Determine r(-11).
3
Suppose -3*s + 2 = n, n - 5*s - 2 = -4*s. Let t(v) = 3*v + 2*v + 5 - 4*v**n + 3*v**2. Give t(4).
9
Let o(z) = 6*z - 7*z**2 - 10*z**2 + 18*z**2 - 11. Calculate o(-8).
5
Let b(q) = -3*q**2 + 2. Let d(v) = -3*v**2 + v + 1. Let z(p) = 3*b(p) - 4*d(p). Let o = 2 + 0. Determine z(o).
6
Let z(s) = 24*s**2 - 7*s**2 + 0 + 2 + 12*s - s**3 - 8*s**2 - 19*s**2. Calculate z(-11).
-9
Let x(r) be the third derivative of 0 - 4/3*r**3 + 0*r - 1/120*r**6 - r**2 - 1/4*r**4 + 7/60*r**5. Let u be ((-8)/10)/(6/(-45)). Determine x(u).
-8
Let b(u) be the third derivative of 3*u**2 + 0 - 1/24*u**4 - 1/20*u**6 - 1/60*u**5 + 0*u + 0*u**3. Determine b(-1).
6